Dec 02 01:19:40.534 INFO testing akurdyukov/test-rust-grpc against master#8940af3cea4a9a9deabcaf843b2f8cad9a83fc61 for beta-1.31-5
Dec 02 01:19:40.534 INFO running `"docker" "create" "-v" "/mnt/big/crater/work/local/target-dirs/beta-1.31-5/worker-2/master#8940af3cea4a9a9deabcaf843b2f8cad9a83fc61:/target:rw,Z" "-v" "/mnt/big/crater/work/local/test-source/worker-2/beta-1.31-5/master#8940af3cea4a9a9deabcaf843b2f8cad9a83fc61:/source:ro,Z" "-v" "/mnt/big/crater/work/local/cargo-home:/cargo-home:ro,Z" "-v" "/mnt/big/crater/work/local/rustup-home:/rustup-home:ro,Z" "-e" "USER_ID=1000" "-e" "SOURCE_DIR=/source" "-e" "USER_ID=1000" "-e" "CMD=cargo +8940af3cea4a9a9deabcaf843b2f8cad9a83fc61-alt build --frozen" "-e" "CARGO_TARGET_DIR=/target" "-e" "CARGO_INCREMENTAL=0" "-e" "RUST_BACKTRACE=full" "-e" "RUSTFLAGS=--cap-lints=warn" "-e" "CARGO_HOME=/cargo-home" "-e" "RUSTUP_HOME=/rustup-home" "-m" "1536M" "--network" "none" "crater"`
Dec 02 01:19:40.989 INFO [stdout] ae269eb9b9a9a6a410876a26de4f7bff53f69c6b64ba78bcc7ab932767ee5fba
Dec 02 01:19:40.991 INFO running `"docker" "start" "-a" "ae269eb9b9a9a6a410876a26de4f7bff53f69c6b64ba78bcc7ab932767ee5fba"`
Dec 02 01:19:41.795 INFO [stderr] usermod: no changes
Dec 02 01:19:42.035 INFO [stderr]    Compiling smallvec v0.3.4
Dec 02 01:19:42.035 INFO [stderr]    Compiling grpcio-sys v0.4.0
Dec 02 01:19:42.035 INFO [stderr]    Compiling protoc v2.1.1
Dec 02 01:19:42.047 INFO [stderr]    Compiling memchr v2.1.1
Dec 02 01:19:42.047 INFO [stderr]    Compiling protobuf-codegen v2.0.5
Dec 02 01:19:42.047 INFO [stderr]    Compiling uuid v0.1.18
Dec 02 01:19:42.047 INFO [stderr]    Compiling tokio-io v0.1.10
Dec 02 01:19:42.047 INFO [stderr]    Compiling parking_lot v0.3.8
Dec 02 01:19:50.327 INFO [stderr]    Compiling mktemp v0.3.1
Dec 02 01:19:50.328 INFO [stderr]    Compiling tokio-threadpool v0.1.8
Dec 02 01:19:51.245 INFO [stderr]    Compiling multiqueue v0.3.2
Dec 02 01:19:51.453 INFO [stderr]    Compiling aho-corasick v0.6.9
Dec 02 01:19:55.264 INFO [stderr]    Compiling tokio-codec v0.1.1
Dec 02 01:19:55.266 INFO [stderr]    Compiling tokio-reactor v0.1.6
Dec 02 01:19:58.155 INFO [stderr]    Compiling regex v1.0.5
Dec 02 01:20:10.795 INFO [stderr]    Compiling grpcio-compiler v0.3.0
Dec 02 01:20:12.267 INFO [stderr]    Compiling tokio-fs v0.1.4
Dec 02 01:20:12.668 INFO [stderr]    Compiling tokio-uds v0.2.3
Dec 02 01:20:12.669 INFO [stderr]    Compiling tokio-tcp v0.1.2
Dec 02 01:20:12.670 INFO [stderr]    Compiling tokio-udp v0.1.2
Dec 02 01:20:17.735 INFO [stderr]    Compiling protoc-grpcio v0.2.1
Dec 02 01:20:23.775 INFO [stderr]    Compiling tokio v0.1.11
Dec 02 01:20:31.809 INFO [stderr]    Compiling test-grpc v0.1.0 (/source)
Dec 02 01:20:33.839 INFO [stderr]    Compiling env_logger v0.5.13
Dec 02 01:20:44.299 INFO [stderr] error: failed to run custom build command for `test-grpc v0.1.0 (/source)`
Dec 02 01:20:44.299 INFO [stderr] process didn't exit successfully: `/target/debug/build/test-grpc-e2d272e36ff8b51a/build-script-build` (exit code: 101)
Dec 02 01:20:44.299 INFO [stderr] --- stdout
Dec 02 01:20:44.299 INFO [stderr] cargo:rerun-if-changed=src/protos
Dec 02 01:20:44.299 INFO [stderr] cargo:rerun-if-changed=src/protos/example/service.proto
Dec 02 01:20:44.299 INFO [stderr] 
Dec 02 01:20:44.299 INFO [stderr] --- stderr
Dec 02 01:20:44.299 INFO [stderr] thread 'main' panicked at 'Failed to compile gRPC definitions!: Custom { kind: NotFound, error: StringError("failed to spawn `\"protoc\" \"--version\"`: No such file or directory (os error 2)") }
Dec 02 01:20:44.299 INFO [stderr] 
Dec 02 01:20:44.299 INFO [stderr] stack backtrace:
Dec 02 01:20:44.299 INFO [stderr]    0:     0x560d044e93e6 - backtrace::backtrace::libunwind::trace::hd57cd17660d59f69
Dec 02 01:20:44.299 INFO [stderr]                         at /cargo-home/registry/src/github.com-1ecc6299db9ec823/backtrace-0.3.9/src/backtrace/libunwind.rs:53
Dec 02 01:20:44.299 INFO [stderr]                          - backtrace::backtrace::trace::h94ae2c7c211f1acb
Dec 02 01:20:44.299 INFO [stderr]                         at /cargo-home/registry/src/github.com-1ecc6299db9ec823/backtrace-0.3.9/src/backtrace/mod.rs:42
Dec 02 01:20:44.299 INFO [stderr]    1:     0x560d044e3af3 - backtrace::capture::Backtrace::new_unresolved::hf4709bb5ebe9c19c
Dec 02 01:20:44.299 INFO [stderr]                         at /cargo-home/registry/src/github.com-1ecc6299db9ec823/backtrace-0.3.9/src/capture.rs:88
Dec 02 01:20:44.299 INFO [stderr]    2:     0x560d044e2453 - failure::backtrace::internal::InternalBacktrace::new::hd9bb7a95393f3e5d
Dec 02 01:20:44.299 INFO [stderr]                         at /cargo-home/registry/src/github.com-1ecc6299db9ec823/failure-0.1.2/src/backtrace/internal.rs:44
Dec 02 01:20:44.299 INFO [stderr]    3:     0x560d044e15bc - failure::backtrace::Backtrace::new::h3180332f18a20949
Dec 02 01:20:44.299 INFO [stderr]                         at /cargo-home/registry/src/github.com-1ecc6299db9ec823/failure-0.1.2/src/backtrace/mod.rs:111
Dec 02 01:20:44.299 INFO [stderr]    4:     0x560d044a6485 - <failure::error::error_impl::ErrorImpl as core::convert::From<F>>::from::ha7b57af804d4bb7d
Dec 02 01:20:44.299 INFO [stderr]                         at /cargo-home/registry/src/github.com-1ecc6299db9ec823/failure-0.1.2/src/error/error_impl.rs:20
Dec 02 01:20:44.300 INFO [stderr]    5:     0x560d044a70ee - <failure::error::Error as core::convert::From<F>>::from::h95af02b37765061e
Dec 02 01:20:44.300 INFO [stderr]                         at /cargo-home/registry/src/github.com-1ecc6299db9ec823/failure-0.1.2/src/error/mod.rs:36
Dec 02 01:20:44.300 INFO [stderr]    6:     0x560d044a4d1e - <T as core::convert::Into<U>>::into::h3126e7cf0975536e
Dec 02 01:20:44.300 INFO [stderr]                         at libcore/convert.rs:456
Dec 02 01:20:44.300 INFO [stderr]    7:     0x560d044ae9c8 - <failure::context::Context<D>>::with_err::h33225f4c079cb533
Dec 02 01:20:44.300 INFO [stderr]                         at /cargo-home/registry/src/github.com-1ecc6299db9ec823/failure-0.1.2/src/context.rs:78
Dec 02 01:20:44.300 INFO [stderr]    8:     0x560d044a51bc - failure::Fail::context::h5c44518818d3e338
Dec 02 01:20:44.300 INFO [stderr]                         at /cargo-home/registry/src/github.com-1ecc6299db9ec823/failure-0.1.2/src/lib.rs:148
Dec 02 01:20:44.300 INFO [stderr]    9:     0x560d044af4f9 - <core::result::Result<T, E> as failure::result_ext::ResultExt<T, E>>::context::{{closure}}::hd6e88156305b9e1c
Dec 02 01:20:44.300 INFO [stderr]                         at /cargo-home/registry/src/github.com-1ecc6299db9ec823/failure-0.1.2/src/result_ext.rs:164
Dec 02 01:20:44.300 INFO [stderr]   10:     0x560d044a9d12 - <core::result::Result<T, E>>::map_err::h430cc1dad16889f0
Dec 02 01:20:44.300 INFO [stderr]                         at libcore/result.rs:530
Dec 02 01:20:44.300 INFO [stderr]   11:     0x560d044a77ed - <core::result::Result<T, E> as failure::result_ext::ResultExt<T, E>>::context::he525c351708c9204
Dec 02 01:20:44.300 INFO [stderr]                         at /cargo-home/registry/src/github.com-1ecc6299db9ec823/failure-0.1.2/src/result_ext.rs:164
Dec 02 01:20:44.300 INFO [stderr]   12:     0x560d0449b5ac - protoc_grpcio::compile_grpc_protos::h79abedd7f744a4f3
Dec 02 01:20:44.300 INFO [stderr]                         at /cargo-home/registry/src/github.com-1ecc6299db9ec823/protoc-grpcio-0.2.1/src/lib.rs:214
Dec 02 01:20:44.300 INFO [stderr]   13:     0x560d044a49f1 - build_script_build::main::h16401b301671fc15
Dec 02 01:20:44.300 INFO [stderr]                         at /source/build.rs:8
Dec 02 01:20:44.300 INFO [stderr]   14:     0x560d044a6a6f - std::rt::lang_start::{{closure}}::hfb51c41d771032f8
Dec 02 01:20:44.300 INFO [stderr]                         at libstd/rt.rs:74
Dec 02 01:20:44.300 INFO [stderr]   15:     0x560d047a3f52 - std::rt::lang_start_internal::{{closure}}::h2e176feebc4ae499
Dec 02 01:20:44.300 INFO [stderr]                         at libstd/rt.rs:59
Dec 02 01:20:44.300 INFO [stderr]                          - std::panicking::try::do_call::h52e7f80ff0fdcc45
Dec 02 01:20:44.300 INFO [stderr]                         at libstd/panicking.rs:310
Dec 02 01:20:44.300 INFO [stderr]   16:     0x560d047b60b9 - __rust_maybe_catch_panic
Dec 02 01:20:44.300 INFO [stderr]                         at libpanic_unwind/lib.rs:102
Dec 02 01:20:44.300 INFO [stderr]   17:     0x560d0479260a - std::panicking::try::hf1fde00385764432
Dec 02 01:20:44.300 INFO [stderr]                         at libstd/panicking.rs:289
Dec 02 01:20:44.300 INFO [stderr]                          - std::panic::catch_unwind::h924739d5c4bcd80a
Dec 02 01:20:44.300 INFO [stderr]                         at libstd/panic.rs:392
Dec 02 01:20:44.300 INFO [stderr]                          - std::rt::lang_start_internal::h38cae898de7f805c
Dec 02 01:20:44.300 INFO [stderr]                         at libstd/rt.rs:58
Dec 02 01:20:44.300 INFO [stderr]   18:     0x560d044a6a48 - std::rt::lang_start::h8f4d537175f5ade6
Dec 02 01:20:44.300 INFO [stderr]                         at libstd/rt.rs:74
Dec 02 01:20:44.300 INFO [stderr]   19:     0x560d044a4a59 - main
Dec 02 01:20:44.300 INFO [stderr]   20:     0x7f1ea5e1b82f - __libc_start_main
Dec 02 01:20:44.300 INFO [stderr]   21:     0x560d0449a6a8 - _start
Dec 02 01:20:44.300 INFO [stderr]   22:                0x0 - <unknown>
Dec 02 01:20:44.300 INFO [stderr] 
Dec 02 01:20:44.300 INFO [stderr] failed to find `protoc`, `protoc` must be availabe in `PATH`', libcore/result.rs:1009:5
Dec 02 01:20:44.300 INFO [stderr] stack backtrace:
Dec 02 01:20:44.300 INFO [stderr]    0:     0x560d0479f09f - std::sys::unix::backtrace::tracing::imp::unwind_backtrace::h3a8b83e1922cbdde
Dec 02 01:20:44.300 INFO [stderr]                                at libstd/sys/unix/backtrace/tracing/gcc_s.rs:49
Dec 02 01:20:44.300 INFO [stderr]    1:     0x560d047ab107 - std::sys_common::backtrace::print::h00d3155a29b4020f
Dec 02 01:20:44.300 INFO [stderr]                                at libstd/sys_common/backtrace.rs:71
Dec 02 01:20:44.300 INFO [stderr]                                at libstd/sys_common/backtrace.rs:59
Dec 02 01:20:44.300 INFO [stderr]    2:     0x560d047a3eaf - std::panicking::default_hook::{{closure}}::hd7465c742e79e1bb
Dec 02 01:20:44.300 INFO [stderr]                                at libstd/panicking.rs:211
Dec 02 01:20:44.300 INFO [stderr]    3:     0x560d047a3c14 - std::panicking::default_hook::h9e3966f2aa2a6e12
Dec 02 01:20:44.300 INFO [stderr]                                at libstd/panicking.rs:227
Dec 02 01:20:44.300 INFO [stderr]    4:     0x560d047a452e - std::panicking::rust_panic_with_hook::h587f091ae747d080
Dec 02 01:20:44.300 INFO [stderr]                                at libstd/panicking.rs:476
Dec 02 01:20:44.300 INFO [stderr]    5:     0x560d047a40d1 - std::panicking::continue_panic_fmt::hb3a4fdede87f43a8
Dec 02 01:20:44.300 INFO [stderr]                                at libstd/panicking.rs:390
Dec 02 01:20:44.300 INFO [stderr]    6:     0x560d047a3fb5 - rust_begin_unwind
Dec 02 01:20:44.300 INFO [stderr]                                at libstd/panicking.rs:325
Dec 02 01:20:44.300 INFO [stderr]    7:     0x560d047ec28c - core::panicking::panic_fmt::h6f9cebf5e7474a0b
Dec 02 01:20:44.300 INFO [stderr]                                at libcore/panicking.rs:77
Dec 02 01:20:44.300 INFO [stderr]    8:     0x560d044aaaa5 - core::result::unwrap_failed::h146b4521b7d8ebf6
Dec 02 01:20:44.300 INFO [stderr]                                at libcore/macros.rs:26
Dec 02 01:20:44.300 INFO [stderr]    9:     0x560d044a974b - <core::result::Result<T, E>>::expect::h94c2ab5051fe82db
Dec 02 01:20:44.300 INFO [stderr]                                at libcore/result.rs:835
Dec 02 01:20:44.300 INFO [stderr]   10:     0x560d044a4a19 - build_script_build::main::h16401b301671fc15
Dec 02 01:20:44.300 INFO [stderr]                                at /source/build.rs:8
Dec 02 01:20:44.300 INFO [stderr]   11:     0x560d044a6a6f - std::rt::lang_start::{{closure}}::hfb51c41d771032f8
Dec 02 01:20:44.300 INFO [stderr]                                at libstd/rt.rs:74
Dec 02 01:20:44.300 INFO [stderr]   12:     0x560d047a3f52 - std::panicking::try::do_call::h52e7f80ff0fdcc45
Dec 02 01:20:44.300 INFO [stderr]                                at libstd/rt.rs:59
Dec 02 01:20:44.300 INFO [stderr]                                at libstd/panicking.rs:310
Dec 02 01:20:44.300 INFO [stderr]   13:     0x560d047b60b9 - __rust_maybe_catch_panic
Dec 02 01:20:44.300 INFO [stderr]                                at libpanic_unwind/lib.rs:102
Dec 02 01:20:44.300 INFO [stderr]   14:     0x560d0479260a - std::rt::lang_start_internal::h38cae898de7f805c
Dec 02 01:20:44.300 INFO [stderr]                                at libstd/panicking.rs:289
Dec 02 01:20:44.300 INFO [stderr]                                at libstd/panic.rs:392
Dec 02 01:20:44.300 INFO [stderr]                                at libstd/rt.rs:58
Dec 02 01:20:44.300 INFO [stderr]   15:     0x560d044a6a48 - std::rt::lang_start::h8f4d537175f5ade6
Dec 02 01:20:44.300 INFO [stderr]                                at libstd/rt.rs:74
Dec 02 01:20:44.300 INFO [stderr]   16:     0x560d044a4a59 - main
Dec 02 01:20:44.300 INFO [stderr]   17:     0x7f1ea5e1b82f - __libc_start_main
Dec 02 01:20:44.300 INFO [stderr]   18:     0x560d0449a6a8 - _start
Dec 02 01:20:44.300 INFO [stderr]   19:                0x0 - <unknown>
Dec 02 01:20:44.300 INFO [stderr] 
Dec 02 01:20:44.300 INFO [stderr] warning: build failed, waiting for other jobs to finish...
Dec 02 01:20:46.756 INFO [stderr] error: failed to run custom build command for `grpcio-sys v0.4.0`
Dec 02 01:20:46.756 INFO [stderr] process didn't exit successfully: `/target/debug/build/grpcio-sys-b3240128570c45ae/build-script-build` (exit code: 101)
Dec 02 01:20:46.756 INFO [stderr] --- stdout
Dec 02 01:20:46.756 INFO [stderr] cargo:rerun-if-changed=grpc_wrap.cc
Dec 02 01:20:46.756 INFO [stderr] cargo:rerun-if-changed=grpc
Dec 02 01:20:46.756 INFO [stderr] cargo:rerun-if-env-changed=GRPCIO_SYS_USE_PKG_CONFIG
Dec 02 01:20:46.756 INFO [stderr] running: "cmake" "/cargo-home/registry/src/github.com-1ecc6299db9ec823/grpcio-sys-0.4.0/grpc" "-DGO_EXECUTABLE=fake-go-nonexist" "-DgRPC_INSTALL=false" "-DgRPC_BUILD_CSHARP_EXT=false" "-DgRPC_BUILD_CODEGEN=false" "-DCMAKE_INSTALL_PREFIX=/target/debug/build/grpcio-sys-8ae3885643510ec9/out" "-DCMAKE_C_FLAGS= -ffunction-sections -fdata-sections -fPIC -m64" "-DCMAKE_C_COMPILER=/usr/bin/cc" "-DCMAKE_CXX_FLAGS= -ffunction-sections -fdata-sections -fPIC -m64" "-DCMAKE_CXX_COMPILER=/usr/bin/c++" "-DCMAKE_BUILD_TYPE=Debug"
Dec 02 01:20:46.756 INFO [stderr] -- The C compiler identification is GNU 5.4.0
Dec 02 01:20:46.756 INFO [stderr] -- The CXX compiler identification is GNU 5.4.0
Dec 02 01:20:46.756 INFO [stderr] -- Check for working C compiler: /usr/bin/cc
Dec 02 01:20:46.756 INFO [stderr] -- Check for working C compiler: /usr/bin/cc -- works
Dec 02 01:20:46.756 INFO [stderr] -- Detecting C compiler ABI info
Dec 02 01:20:46.756 INFO [stderr] -- Detecting C compiler ABI info - done
Dec 02 01:20:46.756 INFO [stderr] -- Detecting C compile features
Dec 02 01:20:46.756 INFO [stderr] -- Detecting C compile features - done
Dec 02 01:20:46.756 INFO [stderr] -- Check for working CXX compiler: /usr/bin/c++
Dec 02 01:20:46.756 INFO [stderr] -- Check for working CXX compiler: /usr/bin/c++ -- works
Dec 02 01:20:46.756 INFO [stderr] -- Detecting CXX compiler ABI info
Dec 02 01:20:46.756 INFO [stderr] -- Detecting CXX compiler ABI info - done
Dec 02 01:20:46.756 INFO [stderr] -- Detecting CXX compile features
Dec 02 01:20:46.756 INFO [stderr] -- Detecting CXX compile features - done
Dec 02 01:20:46.756 INFO [stderr] -- Looking for sys/types.h
Dec 02 01:20:46.756 INFO [stderr] -- Looking for sys/types.h - found
Dec 02 01:20:46.756 INFO [stderr] -- Looking for stdint.h
Dec 02 01:20:46.756 INFO [stderr] -- Looking for stdint.h - found
Dec 02 01:20:46.756 INFO [stderr] -- Looking for stddef.h
Dec 02 01:20:46.756 INFO [stderr] -- Looking for stddef.h - found
Dec 02 01:20:46.756 INFO [stderr] -- Check size of off64_t
Dec 02 01:20:46.756 INFO [stderr] -- Check size of off64_t - done
Dec 02 01:20:46.756 INFO [stderr] -- Looking for fseeko
Dec 02 01:20:46.756 INFO [stderr] -- Looking for fseeko - found
Dec 02 01:20:46.756 INFO [stderr] -- Looking for unistd.h
Dec 02 01:20:46.756 INFO [stderr] -- Looking for unistd.h - found
Dec 02 01:20:46.756 INFO [stderr] -- Renaming
Dec 02 01:20:46.756 INFO [stderr] --     /cargo-home/registry/src/github.com-1ecc6299db9ec823/grpcio-sys-0.4.0/grpc/third_party/zlib/zconf.h
Dec 02 01:20:46.756 INFO [stderr] -- to 'zconf.h.included' because this file is included with zlib
Dec 02 01:20:46.756 INFO [stderr] -- but CMake generates it automatically in the build directory.
Dec 02 01:20:46.756 INFO [stderr] -- Looking for res_servicename in resolv
Dec 02 01:20:46.756 INFO [stderr] -- Looking for res_servicename in resolv - not found
Dec 02 01:20:46.756 INFO [stderr] -- Looking for gethostbyname in nsl
Dec 02 01:20:46.756 INFO [stderr] -- Looking for gethostbyname in nsl - found
Dec 02 01:20:46.756 INFO [stderr] -- Looking for gethostbyname in socket
Dec 02 01:20:46.756 INFO [stderr] -- Looking for gethostbyname in socket - not found
Dec 02 01:20:46.756 INFO [stderr] -- Looking for clock_gettime in rt
Dec 02 01:20:46.756 INFO [stderr] -- Looking for clock_gettime in rt - found
Dec 02 01:20:46.756 INFO [stderr] -- Looking for include file sys/socket.h
Dec 02 01:20:46.756 INFO [stderr] -- Looking for include file sys/socket.h - found
Dec 02 01:20:46.756 INFO [stderr] -- Looking for include file arpa/inet.h
Dec 02 01:20:46.756 INFO [stderr] -- Looking for include file arpa/inet.h - found
Dec 02 01:20:46.756 INFO [stderr] -- Looking for include file arpa/nameser_compat.h
Dec 02 01:20:46.756 INFO [stderr] -- Looking for include file arpa/nameser_compat.h - found
Dec 02 01:20:46.756 INFO [stderr] -- Looking for include file arpa/nameser.h
Dec 02 01:20:46.756 INFO [stderr] -- Looking for include file arpa/nameser.h - found
Dec 02 01:20:46.756 INFO [stderr] -- Looking for include file assert.h
Dec 02 01:20:46.756 INFO [stderr] -- Looking for include file assert.h - found
Dec 02 01:20:46.757 INFO [stderr] -- Looking for include file errno.h
Dec 02 01:20:46.757 INFO [stderr] -- Looking for include file errno.h - found
Dec 02 01:20:46.757 INFO [stderr] -- Looking for include file fcntl.h
Dec 02 01:20:46.757 INFO [stderr] -- Looking for include file fcntl.h - found
Dec 02 01:20:46.757 INFO [stderr] -- Looking for include file inttypes.h
Dec 02 01:20:46.757 INFO [stderr] -- Looking for include file inttypes.h - found
Dec 02 01:20:46.757 INFO [stderr] -- Looking for include file limits.h
Dec 02 01:20:46.757 INFO [stderr] -- Looking for include file limits.h - found
Dec 02 01:20:46.757 INFO [stderr] -- Looking for include file malloc.h
Dec 02 01:20:46.757 INFO [stderr] -- Looking for include file malloc.h - found
Dec 02 01:20:46.757 INFO [stderr] -- Looking for include file memory.h
Dec 02 01:20:46.757 INFO [stderr] -- Looking for include file memory.h - found
Dec 02 01:20:46.757 INFO [stderr] -- Looking for include file netdb.h
Dec 02 01:20:46.757 INFO [stderr] -- Looking for include file netdb.h - found
Dec 02 01:20:46.757 INFO [stderr] -- Looking for include file netinet/in.h
Dec 02 01:20:46.757 INFO [stderr] -- Looking for include file netinet/in.h - found
Dec 02 01:20:46.757 INFO [stderr] -- Looking for include file netinet/tcp.h
Dec 02 01:20:46.757 INFO [stderr] -- Looking for include file netinet/tcp.h - found
Dec 02 01:20:46.757 INFO [stderr] -- Looking for include file net/if.h
Dec 02 01:20:46.757 INFO [stderr] -- Looking for include file net/if.h - found
Dec 02 01:20:46.757 INFO [stderr] -- Looking for include file signal.h
Dec 02 01:20:46.757 INFO [stderr] -- Looking for include file signal.h - found
Dec 02 01:20:46.757 INFO [stderr] -- Looking for include file socket.h
Dec 02 01:20:46.757 INFO [stderr] -- Looking for include file socket.h - not found
Dec 02 01:20:46.757 INFO [stderr] -- Looking for include file stdbool.h
Dec 02 01:20:46.757 INFO [stderr] -- Looking for include file stdbool.h - found
Dec 02 01:20:46.757 INFO [stderr] -- Looking for include file stdlib.h
Dec 02 01:20:46.757 INFO [stderr] -- Looking for include file stdlib.h - found
Dec 02 01:20:46.757 INFO [stderr] -- Looking for include file strings.h
Dec 02 01:20:46.757 INFO [stderr] -- Looking for include file strings.h - found
Dec 02 01:20:46.757 INFO [stderr] -- Looking for include file string.h
Dec 02 01:20:46.757 INFO [stderr] -- Looking for include file string.h - found
Dec 02 01:20:46.757 INFO [stderr] -- Looking for include file stropts.h
Dec 02 01:20:46.757 INFO [stderr] -- Looking for include file stropts.h - found
Dec 02 01:20:46.757 INFO [stderr] -- Looking for include file sys/ioctl.h
Dec 02 01:20:46.757 INFO [stderr] -- Looking for include file sys/ioctl.h - found
Dec 02 01:20:46.757 INFO [stderr] -- Looking for include file sys/param.h
Dec 02 01:20:46.757 INFO [stderr] -- Looking for include file sys/param.h - found
Dec 02 01:20:46.757 INFO [stderr] -- Looking for include file sys/select.h
Dec 02 01:20:46.757 INFO [stderr] -- Looking for include file sys/select.h - found
Dec 02 01:20:46.757 INFO [stderr] -- Looking for include file sys/stat.h
Dec 02 01:20:46.757 INFO [stderr] -- Looking for include file sys/stat.h - found
Dec 02 01:20:46.757 INFO [stderr] -- Looking for include file sys/time.h
Dec 02 01:20:46.757 INFO [stderr] -- Looking for include file sys/time.h - found
Dec 02 01:20:46.757 INFO [stderr] -- Looking for include file sys/uio.h
Dec 02 01:20:46.757 INFO [stderr] -- Looking for include file sys/uio.h - found
Dec 02 01:20:46.757 INFO [stderr] -- Looking for include file time.h
Dec 02 01:20:46.757 INFO [stderr] -- Looking for include file time.h - found
Dec 02 01:20:46.757 INFO [stderr] -- Looking for include file dlfcn.h
Dec 02 01:20:46.757 INFO [stderr] -- Looking for include file dlfcn.h - found
Dec 02 01:20:46.757 INFO [stderr] -- Looking for include file unistd.h
Dec 02 01:20:46.757 INFO [stderr] -- Looking for include file unistd.h - found
Dec 02 01:20:46.757 INFO [stderr] -- Looking for include files winsock2.h, windows.h
Dec 02 01:20:46.757 INFO [stderr] -- Looking for include files winsock2.h, windows.h - not found
Dec 02 01:20:46.757 INFO [stderr] -- Looking for 3 include files winsock2.h, ..., windows.h
Dec 02 01:20:46.757 INFO [stderr] -- Looking for 3 include files winsock2.h, ..., windows.h - not found
Dec 02 01:20:46.757 INFO [stderr] -- Looking for include files winsock.h, windows.h
Dec 02 01:20:46.757 INFO [stderr] -- Looking for include files winsock.h, windows.h - not found
Dec 02 01:20:46.757 INFO [stderr] -- Looking for include file windows.h
Dec 02 01:20:46.757 INFO [stderr] -- Looking for include file windows.h - not found
Dec 02 01:20:46.757 INFO [stderr] -- Performing Test HAVE_SOCKLEN_T
Dec 02 01:20:46.757 INFO [stderr] -- Performing Test HAVE_SOCKLEN_T - Success
Dec 02 01:20:46.757 INFO [stderr] -- Performing Test HAVE_TYPE_SOCKET
Dec 02 01:20:46.757 INFO [stderr] -- Performing Test HAVE_TYPE_SOCKET - Failed
Dec 02 01:20:46.757 INFO [stderr] -- Performing Test HAVE_BOOL_T
Dec 02 01:20:46.757 INFO [stderr] -- Performing Test HAVE_BOOL_T - Success
Dec 02 01:20:46.757 INFO [stderr] -- Performing Test HAVE_SSIZE_T
Dec 02 01:20:46.757 INFO [stderr] -- Performing Test HAVE_SSIZE_T - Success
Dec 02 01:20:46.757 INFO [stderr] -- Performing Test HAVE_LONGLONG
Dec 02 01:20:46.757 INFO [stderr] -- Performing Test HAVE_LONGLONG - Success
Dec 02 01:20:46.757 INFO [stderr] -- Performing Test HAVE_SIG_ATOMIC_T
Dec 02 01:20:46.757 INFO [stderr] -- Performing Test HAVE_SIG_ATOMIC_T - Success
Dec 02 01:20:46.757 INFO [stderr] -- Performing Test HAVE_STRUCT_ADDRINFO
Dec 02 01:20:46.757 INFO [stderr] -- Performing Test HAVE_STRUCT_ADDRINFO - Success
Dec 02 01:20:46.757 INFO [stderr] -- Performing Test HAVE_STRUCT_IN6_ADDR
Dec 02 01:20:46.757 INFO [stderr] -- Performing Test HAVE_STRUCT_IN6_ADDR - Success
Dec 02 01:20:46.757 INFO [stderr] -- Performing Test HAVE_STRUCT_SOCKADDR_IN6
Dec 02 01:20:46.757 INFO [stderr] -- Performing Test HAVE_STRUCT_SOCKADDR_IN6 - Success
Dec 02 01:20:46.757 INFO [stderr] -- Performing Test HAVE_STRUCT_SOCKADDR_STORAGE
Dec 02 01:20:46.757 INFO [stderr] -- Performing Test HAVE_STRUCT_SOCKADDR_STORAGE - Success
Dec 02 01:20:46.757 INFO [stderr] -- Performing Test HAVE_STRUCT_TIMEVAL
Dec 02 01:20:46.757 INFO [stderr] -- Performing Test HAVE_STRUCT_TIMEVAL - Success
Dec 02 01:20:46.757 INFO [stderr] -- Looking for AF_INET6
Dec 02 01:20:46.757 INFO [stderr] -- Looking for AF_INET6 - found
Dec 02 01:20:46.757 INFO [stderr] -- Looking for O_NONBLOCK
Dec 02 01:20:46.757 INFO [stderr] -- Looking for O_NONBLOCK - found
Dec 02 01:20:46.757 INFO [stderr] -- Looking for FIONBIO
Dec 02 01:20:46.757 INFO [stderr] -- Looking for FIONBIO - found
Dec 02 01:20:46.757 INFO [stderr] -- Looking for SIOCGIFADDR
Dec 02 01:20:46.757 INFO [stderr] -- Looking for SIOCGIFADDR - found
Dec 02 01:20:46.757 INFO [stderr] -- Looking for MSG_NOSIGNAL
Dec 02 01:20:46.758 INFO [stderr] -- Looking for MSG_NOSIGNAL - found
Dec 02 01:20:46.758 INFO [stderr] -- Looking for PF_INET6
Dec 02 01:20:46.758 INFO [stderr] -- Looking for PF_INET6 - found
Dec 02 01:20:46.758 INFO [stderr] -- Looking for SO_NONBLOCK
Dec 02 01:20:46.758 INFO [stderr] -- Looking for SO_NONBLOCK - not found
Dec 02 01:20:46.758 INFO [stderr] -- Looking for CLOCK_MONOTONIC
Dec 02 01:20:46.758 INFO [stderr] -- Looking for CLOCK_MONOTONIC - found
Dec 02 01:20:46.758 INFO [stderr] -- Performing Test HAVE_SOCKADDR_IN6_SIN6_SCOPE_ID
Dec 02 01:20:46.758 INFO [stderr] -- Performing Test HAVE_SOCKADDR_IN6_SIN6_SCOPE_ID - Success
Dec 02 01:20:46.758 INFO [stderr] -- Performing Test HAVE_LL
Dec 02 01:20:46.758 INFO [stderr] -- Performing Test HAVE_LL - Success
Dec 02 01:20:46.758 INFO [stderr] -- Looking for bitncmp
Dec 02 01:20:46.758 INFO [stderr] -- Looking for bitncmp - not found
Dec 02 01:20:46.758 INFO [stderr] -- Looking for closesocket
Dec 02 01:20:46.758 INFO [stderr] -- Looking for closesocket - not found
Dec 02 01:20:46.758 INFO [stderr] -- Looking for CloseSocket
Dec 02 01:20:46.758 INFO [stderr] -- Looking for CloseSocket - not found
Dec 02 01:20:46.758 INFO [stderr] -- Looking for connect
Dec 02 01:20:46.758 INFO [stderr] -- Looking for connect - found
Dec 02 01:20:46.758 INFO [stderr] -- Looking for fcntl
Dec 02 01:20:46.758 INFO [stderr] -- Looking for fcntl - found
Dec 02 01:20:46.758 INFO [stderr] -- Looking for freeaddrinfo
Dec 02 01:20:46.758 INFO [stderr] -- Looking for freeaddrinfo - found
Dec 02 01:20:46.758 INFO [stderr] -- Looking for getaddrinfo
Dec 02 01:20:46.758 INFO [stderr] -- Looking for getaddrinfo - found
Dec 02 01:20:46.758 INFO [stderr] -- Looking for getenv
Dec 02 01:20:46.758 INFO [stderr] -- Looking for getenv - found
Dec 02 01:20:46.758 INFO [stderr] -- Looking for gethostbyaddr
Dec 02 01:20:46.758 INFO [stderr] -- Looking for gethostbyaddr - found
Dec 02 01:20:46.758 INFO [stderr] -- Looking for gethostbyname
Dec 02 01:20:46.758 INFO [stderr] -- Looking for gethostbyname - found
Dec 02 01:20:46.758 INFO [stderr] -- Looking for gethostname
Dec 02 01:20:46.758 INFO [stderr] -- Looking for gethostname - found
Dec 02 01:20:46.758 INFO [stderr] -- Looking for getnameinfo
Dec 02 01:20:46.758 INFO [stderr] -- Looking for getnameinfo - found
Dec 02 01:20:46.758 INFO [stderr] -- Looking for getservbyport_r
Dec 02 01:20:46.758 INFO [stderr] -- Looking for getservbyport_r - found
Dec 02 01:20:46.758 INFO [stderr] -- Looking for gettimeofday
Dec 02 01:20:46.758 INFO [stderr] -- Looking for gettimeofday - found
Dec 02 01:20:46.758 INFO [stderr] -- Looking for if_indextoname
Dec 02 01:20:46.758 INFO [stderr] -- Looking for if_indextoname - found
Dec 02 01:20:46.758 INFO [stderr] -- Looking for inet_net_pton
Dec 02 01:20:46.758 INFO [stderr] -- Looking for inet_net_pton - not found
Dec 02 01:20:46.758 INFO [stderr] -- Looking for inet_ntop
Dec 02 01:20:46.758 INFO [stderr] -- Looking for inet_ntop - found
Dec 02 01:20:46.758 INFO [stderr] -- Looking for inet_pton
Dec 02 01:20:46.758 INFO [stderr] -- Looking for inet_pton - found
Dec 02 01:20:46.758 INFO [stderr] -- Looking for ioctl
Dec 02 01:20:46.758 INFO [stderr] -- Looking for ioctl - found
Dec 02 01:20:46.758 INFO [stderr] -- Looking for ioctlsocket
Dec 02 01:20:46.758 INFO [stderr] -- Looking for ioctlsocket - not found
Dec 02 01:20:46.758 INFO [stderr] -- Looking for IoctlSocket
Dec 02 01:20:46.758 INFO [stderr] -- Looking for IoctlSocket - not found
Dec 02 01:20:46.758 INFO [stderr] -- Looking for recv
Dec 02 01:20:46.758 INFO [stderr] -- Looking for recv - found
Dec 02 01:20:46.758 INFO [stderr] -- Looking for recvfrom
Dec 02 01:20:46.758 INFO [stderr] -- Looking for recvfrom - found
Dec 02 01:20:46.758 INFO [stderr] -- Looking for send
Dec 02 01:20:46.758 INFO [stderr] -- Looking for send - found
Dec 02 01:20:46.758 INFO [stderr] -- Looking for setsockopt
Dec 02 01:20:46.758 INFO [stderr] -- Looking for setsockopt - found
Dec 02 01:20:46.758 INFO [stderr] -- Looking for socket
Dec 02 01:20:46.758 INFO [stderr] -- Looking for socket - found
Dec 02 01:20:46.758 INFO [stderr] -- Looking for strcasecmp
Dec 02 01:20:46.758 INFO [stderr] -- Looking for strcasecmp - found
Dec 02 01:20:46.758 INFO [stderr] -- Looking for strcmpi
Dec 02 01:20:46.758 INFO [stderr] -- Looking for strcmpi - not found
Dec 02 01:20:46.758 INFO [stderr] -- Looking for strdup
Dec 02 01:20:46.758 INFO [stderr] -- Looking for strdup - found
Dec 02 01:20:46.758 INFO [stderr] -- Looking for stricmp
Dec 02 01:20:46.758 INFO [stderr] -- Looking for stricmp - not found
Dec 02 01:20:46.758 INFO [stderr] -- Looking for strncasecmp
Dec 02 01:20:46.758 INFO [stderr] -- Looking for strncasecmp - found
Dec 02 01:20:46.758 INFO [stderr] -- Looking for strncmpi
Dec 02 01:20:46.758 INFO [stderr] -- Looking for strncmpi - not found
Dec 02 01:20:46.758 INFO [stderr] -- Looking for strnicmp
Dec 02 01:20:46.758 INFO [stderr] -- Looking for strnicmp - not found
Dec 02 01:20:46.758 INFO [stderr] -- Looking for writev
Dec 02 01:20:46.758 INFO [stderr] -- Looking for writev - found
Dec 02 01:20:46.758 INFO [stderr] -- Found Perl: /usr/bin/perl (found version "5.22.1") 
Dec 02 01:20:46.758 INFO [stderr] -- Configuring incomplete, errors occurred!
Dec 02 01:20:46.758 INFO [stderr] See also "/target/debug/build/grpcio-sys-8ae3885643510ec9/out/build/CMakeFiles/CMakeOutput.log".
Dec 02 01:20:46.758 INFO [stderr] See also "/target/debug/build/grpcio-sys-8ae3885643510ec9/out/build/CMakeFiles/CMakeError.log".
Dec 02 01:20:46.758 INFO [stderr] 
Dec 02 01:20:46.758 INFO [stderr] --- stderr
Dec 02 01:20:46.759 INFO [stderr] CMake Error at third_party/zlib/CMakeLists.txt:77 (file):
Dec 02 01:20:46.759 INFO [stderr]   file RENAME failed to rename
Dec 02 01:20:46.759 INFO [stderr] 
Dec 02 01:20:46.759 INFO [stderr]     /cargo-home/registry/src/github.com-1ecc6299db9ec823/grpcio-sys-0.4.0/grpc/third_party/zlib/zconf.h
Dec 02 01:20:46.759 INFO [stderr] 
Dec 02 01:20:46.759 INFO [stderr]   to
Dec 02 01:20:46.759 INFO [stderr] 
Dec 02 01:20:46.759 INFO [stderr]     /cargo-home/registry/src/github.com-1ecc6299db9ec823/grpcio-sys-0.4.0/grpc/third_party/zlib/zconf.h.included
Dec 02 01:20:46.759 INFO [stderr] 
Dec 02 01:20:46.759 INFO [stderr]   because: Read-only file system
Dec 02 01:20:46.759 INFO [stderr] 
Dec 02 01:20:46.759 INFO [stderr] 
Dec 02 01:20:46.759 INFO [stderr] 
Dec 02 01:20:46.759 INFO [stderr] CMake Warning at cmake/protobuf.cmake:48 (message):
Dec 02 01:20:46.759 INFO [stderr]   gRPC_PROTOBUF_PROVIDER is "module" but PROTOBUF_ROOT_DIR is wrong
Dec 02 01:20:46.759 INFO [stderr] Call Stack (most recent call first):
Dec 02 01:20:46.759 INFO [stderr]   CMakeLists.txt:118 (include)
Dec 02 01:20:46.759 INFO [stderr] 
Dec 02 01:20:46.759 INFO [stderr] 
Dec 02 01:20:46.759 INFO [stderr] CMake Warning at cmake/gflags.cmake:26 (message):
Dec 02 01:20:46.759 INFO [stderr]   gRPC_GFLAGS_PROVIDER is "module" but GFLAGS_ROOT_DIR is wrong
Dec 02 01:20:46.759 INFO [stderr] Call Stack (most recent call first):
Dec 02 01:20:46.759 INFO [stderr]   CMakeLists.txt:120 (include)
Dec 02 01:20:46.759 INFO [stderr] 
Dec 02 01:20:46.759 INFO [stderr] 
Dec 02 01:20:46.759 INFO [stderr] CMake Warning at cmake/benchmark.cmake:26 (message):
Dec 02 01:20:46.759 INFO [stderr]   gRPC_BENCHMARK_PROVIDER is "module" but BENCHMARK_ROOT_DIR is wrong
Dec 02 01:20:46.759 INFO [stderr] Call Stack (most recent call first):
Dec 02 01:20:46.759 INFO [stderr]   CMakeLists.txt:121 (include)
Dec 02 01:20:46.759 INFO [stderr] 
Dec 02 01:20:46.759 INFO [stderr] 
Dec 02 01:20:46.759 INFO [stderr] thread 'main' panicked at '
Dec 02 01:20:46.759 INFO [stderr] command did not execute successfully, got: exit code: 1
Dec 02 01:20:46.759 INFO [stderr] 
Dec 02 01:20:46.759 INFO [stderr] build script failed, must exit now', /cargo-home/registry/src/github.com-1ecc6299db9ec823/cmake-0.1.35/src/lib.rs:778:5
Dec 02 01:20:46.759 INFO [stderr] stack backtrace:
Dec 02 01:20:46.759 INFO [stderr]    0:     0x5580905c008f - std::sys::unix::backtrace::tracing::imp::unwind_backtrace::h3a8b83e1922cbdde
Dec 02 01:20:46.759 INFO [stderr]                                at libstd/sys/unix/backtrace/tracing/gcc_s.rs:49
Dec 02 01:20:46.759 INFO [stderr]    1:     0x5580905cce17 - std::sys_common::backtrace::print::h00d3155a29b4020f
Dec 02 01:20:46.759 INFO [stderr]                                at libstd/sys_common/backtrace.rs:71
Dec 02 01:20:46.759 INFO [stderr]                                at libstd/sys_common/backtrace.rs:59
Dec 02 01:20:46.759 INFO [stderr]    2:     0x5580905c5a1f - std::panicking::default_hook::{{closure}}::hd7465c742e79e1bb
Dec 02 01:20:46.759 INFO [stderr]                                at libstd/panicking.rs:211
Dec 02 01:20:46.759 INFO [stderr]    3:     0x5580905c5784 - std::panicking::default_hook::h9e3966f2aa2a6e12
Dec 02 01:20:46.759 INFO [stderr]                                at libstd/panicking.rs:227
Dec 02 01:20:46.759 INFO [stderr]    4:     0x5580905c60fe - std::panicking::rust_panic_with_hook::h587f091ae747d080
Dec 02 01:20:46.759 INFO [stderr]                                at libstd/panicking.rs:476
Dec 02 01:20:46.759 INFO [stderr]    5:     0x5580905c5ca1 - std::panicking::continue_panic_fmt::hb3a4fdede87f43a8
Dec 02 01:20:46.759 INFO [stderr]                                at libstd/panicking.rs:390
Dec 02 01:20:46.759 INFO [stderr]    6:     0x5580905c5bee - std::panicking::begin_panic_fmt::h387afc7da9a10555
Dec 02 01:20:46.759 INFO [stderr]                                at libstd/panicking.rs:345
Dec 02 01:20:46.759 INFO [stderr]    7:     0x55809052e046 - cmake::fail::hcd2e63fcaa220c82
Dec 02 01:20:46.759 INFO [stderr]                                at /cargo-home/registry/src/github.com-1ecc6299db9ec823/cmake-0.1.35/src/lib.rs:778
Dec 02 01:20:46.759 INFO [stderr]    8:     0x55809052d92b - cmake::run::hdfed138c33e80291
Dec 02 01:20:46.759 INFO [stderr]                                at /cargo-home/registry/src/github.com-1ecc6299db9ec823/cmake-0.1.35/src/lib.rs:759
Dec 02 01:20:46.759 INFO [stderr]    9:     0x5580905291f8 - cmake::Config::build::h76cbbb2847bda161
Dec 02 01:20:46.759 INFO [stderr]                                at /cargo-home/registry/src/github.com-1ecc6299db9ec823/cmake-0.1.35/src/lib.rs:611
Dec 02 01:20:46.759 INFO [stderr]   10:     0x5580904e64cb - build_script_build::build_grpc::hbd4b98e7927332ac
Dec 02 01:20:46.759 INFO [stderr]                                at /cargo-home/registry/src/github.com-1ecc6299db9ec823/grpcio-sys-0.4.0/build.rs:90
Dec 02 01:20:46.759 INFO [stderr]   11:     0x5580904e736d - build_script_build::main::hc44d4107a53f46fd
Dec 02 01:20:46.759 INFO [stderr]                                at /cargo-home/registry/src/github.com-1ecc6299db9ec823/grpcio-sys-0.4.0/build.rs:174
Dec 02 01:20:46.759 INFO [stderr]   12:     0x5580904e81df - std::rt::lang_start::{{closure}}::h5f0ee694b00a88ce
Dec 02 01:20:46.759 INFO [stderr]                                at libstd/rt.rs:74
Dec 02 01:20:46.759 INFO [stderr]   13:     0x5580905c5b22 - std::panicking::try::do_call::h52e7f80ff0fdcc45
Dec 02 01:20:46.759 INFO [stderr]                                at libstd/rt.rs:59
Dec 02 01:20:46.759 INFO [stderr]                                at libstd/panicking.rs:310
Dec 02 01:20:46.759 INFO [stderr]   14:     0x5580905d7dc9 - __rust_maybe_catch_panic
Dec 02 01:20:46.759 INFO [stderr]                                at libpanic_unwind/lib.rs:102
Dec 02 01:20:46.759 INFO [stderr]   15:     0x5580905afe4a - std::rt::lang_start_internal::h38cae898de7f805c
Dec 02 01:20:46.759 INFO [stderr]                                at libstd/panicking.rs:289
Dec 02 01:20:46.759 INFO [stderr]                                at libstd/panic.rs:392
Dec 02 01:20:46.759 INFO [stderr]                                at libstd/rt.rs:58
Dec 02 01:20:46.759 INFO [stderr]   16:     0x5580904e81b8 - std::rt::lang_start::h876de50ea19e9bcf
Dec 02 01:20:46.759 INFO [stderr]                                at libstd/rt.rs:74
Dec 02 01:20:46.759 INFO [stderr]   17:     0x5580904e7919 - main
Dec 02 01:20:46.759 INFO [stderr]   18:     0x7f387435782f - __libc_start_main
Dec 02 01:20:46.759 INFO [stderr]   19:     0x5580904e5868 - _start
Dec 02 01:20:46.759 INFO [stderr]   20:                0x0 - <unknown>
Dec 02 01:20:46.759 INFO [stderr] 
Dec 02 01:20:46.759 INFO [stderr] su: No module specific data is present
Dec 02 01:20:47.147 INFO running `"docker" "inspect" "ae269eb9b9a9a6a410876a26de4f7bff53f69c6b64ba78bcc7ab932767ee5fba"`
Dec 02 01:20:47.266 INFO running `"docker" "rm" "-f" "ae269eb9b9a9a6a410876a26de4f7bff53f69c6b64ba78bcc7ab932767ee5fba"`
Dec 02 01:20:47.404 INFO [stdout] ae269eb9b9a9a6a410876a26de4f7bff53f69c6b64ba78bcc7ab932767ee5fba
